False
Suppose b - 645880 = -5*n, 3*b - 280*n = -275*n + 1937500. Is b a composite number?
True
Suppose -4*q = -4*c + 28, -3*c + 3 = -q - 8. Let z(m) = -3*m - 11. Let t be z(-7). Is -1 - ((-308)/10 + c)*t a composite number?
True
Let v be (-6300)/54*12/(-10). Let a = v - 495. Let w = -102 - a. Is w prime?
False
Let y = 54639 - -5120. Is y a prime number?
False
Let a(q) = -2*q - 61. Let r be a(-29). Is (-2707)/(8/12 - (-5)/r) composite?
False
Let m be (471/15)/((-18)/30)*-141. Let g = m + 6432. Is g a prime number?
False
Suppose -2*s - 31279 = -3*o, 103*s = 105*s - 2. Is o prime?
True
Let y = -5658816 - -8041565. Is y a prime number?
True
Let r be (40329/4)/(6/24). Suppose 47*g + r = 56*g. Is g a prime number?
True
Let u(j) = -3*j**2 + 19*j + 5. Let o be u(4). Suppose 2*s - o = -3. Suppose -s*f + 34890 = -5*f. Is f prime?
False
Let f = 395453 + 127170. Is f prime?
True
Suppose -4*h - 6*g + 217766 = 0, 91*h - 96*h + 3*g = -272176. Is h a composite number?
False
Let g = 825356 + -466891. Is g prime?
False
Let j be -10 - -82413 - (-2)/1. Suppose 5*p + j = 232700. Is p prime?
True
Let p(q) = -5570*q**3 - 5*q**2 - 8*q - 8. Is p(-3) composite?
True
Let n = -92054 - -208309. Is n prime?
False
Suppose -v + 12055 = 4*h, 3*h - 17 = 1. Is v a prime number?
False
Let g = 451458 - 298588. Let z be g/35 + 4/14. Let l = z + -2389. Is l composite?
False
Let i(a) = a - 6. Let v be i(7). Let t be v + -4 + 13 + -10. Suppose -4*b + 2*b + n + 2297 = t, -2*n + 3463 = 3*b. Is b composite?
False
Let v(x) = -108*x**2 - 2*x - 66. Let t be v(13). Is (t/6)/((-28)/21) composite?
False
Suppose -20*j = -13*j - 53116. Suppose -10639 = -11*y + j. Is y a prime number?
True
Let p(m) = -2 + 16159*m**2 + 1 - 4*m - 2*m + 10*m. Is p(1) prime?
False
Suppose 5*t = 3*k + 995, -2*t + 6*t - 769 = -3*k. Suppose t*x - 191*x - 20 = 0. Suppose x*a + 6836 = 4*u, -9*u - 2*a = -5*u - 6818. Is u a composite number?
True
Suppose -5*z - 212077 = -4*j, 6*j - 318153 = 1036*z - 1041*z. Is j prime?
False
Let b be (-4)/(-30) + 4 + 8/(-60). Is 28/b + 12890 + -2 composite?
True
Let s be (86/4 - 0)*-4. Suppose -3*j + 148 + 311 = 0. Let r = j + s. Is r prime?
True
Suppose 0 = 2*m + 3*t - 7, -t - 6 = -5*m + 3*t. Suppose -v - 41 = m*f - 4*v, -3*v = -5*f - 80. Is (-26)/f*(-2897)/(-2) a prime number?
True
Suppose -3*l - 1756 = l. Is (l/((-1)/(-1)))/((-8)/88) a prime number?
False
Let g be 2490/12 + 2/(-4). Suppose -202*r = -g*r + 20185. Is r composite?
True
Let r be ((-6)/10)/((-8)/40). Suppose -2*k = 3*h + r*k - 1971, -2*h = -5*k - 1339. Let q = h + 147. Is q a prime number?
True
Let w be ((-32)/(-5))/(4/70 - 0). Suppose w = 2*p + 108. Is 898/4*p - (-10 - -10) a prime number?
True
Suppose 3*s = -879*n + 875*n + 6990465, -3*n = 4*s - 9320641. Is s a prime number?
False
Suppose 10*f = -f + 11. Let c be ((-4)/1)/(195/(-185) + f). Is -6*(-15)/(-10)*c/(-6) a composite number?
True
Let j(p) = 250*p**2 + 6*p + 3. Let v(a) = -749*a**2 - 17*a - 8. Let k = 24 - 28. Let w(g) = k*v(g) - 11*j(g). Is w(-2) prime?
False
Suppose 2*j - 5*w - 292909 = 0, -20*w + 23*w + 732358 = 5*j. Is j composite?
False
Suppose 12519810 = -401*w + 419*w. Is w a prime number?
False
Let t = 70 + -75. Let n be (16/(-3))/(t/(15/2)). Suppose -n*s + 7*s + 361 = 0. Is s prime?
False
Let f(j) be the first derivative of -18 + 6 + j**2 - 21*j + 84*j + 22*j. Is f(0) a prime number?
False
Let o(k) = -2*k**3 + 95*k**2 + 187*k - 211. Is o(-53) composite?
True
Let r(a) = a**3 - 5*a**2 - 3*a + 17. Let t be r(5). Let d be (t - 30/(-3))*(-495)/27. Is (1 - d/(-8))*2*-29 prime?
False
Suppose 22*i = -21*i + 131021. Is i a prime number?
False
Suppose 60017 = -11*o - 46837. Let l = 13693 + o. Is l a prime number?
False
Let t(z) = -297*z - 6. Let f(j) = -297*j - 7. Let p(a) = -4*f(a) + 3*t(a). Suppose 4*l = -5*q + 7, 8*l + 2*q = 6*l + 4. Is p(l) a composite number?
True
Let n(r) = -r**2 + 33*r - 73. Let p be n(17). Let b = 1828 + 105. Suppose -w + 4*c + b = 0, 4*w - 3*c - 7983 = -p. Is w a prime number?
True
Let p = -17517 - -26014. Is p a composite number?
True
Is 3 + (-135)/35 - 17929711/(-133) a composite number?
True
Let s(g) = 43*g**2 - 26*g - 380. Is s(-49) composite?
True
Let x(b) = 340*b**2 - 6*b + 1. Suppose 0 = 4*i - 3*i + 3. Is x(i) a prime number?
True
Let m = 26807 + 402144. Is m a composite number?
False
Let q(u) be the third derivative of u**5/6 - u**4/8 - 27*u**2. Let i be q(-5). Suppose -182 = -3*t + i. Is t composite?
False
Suppose -4*v - 5*i - 42547 = -8*v, -v - 4*i = -10642. Let q = v - 737. Is q a prime number?
True
Let n = -107 + 107. Suppose n = 4*l - 15398 - 8526. Is l a prime number?
True
Let n be 8839*16 - (2 + -9 + 9). Suppose n = -q + 32*q. Is q composite?
True
Let t = -283 + 285. Suppose -t*c + a + 35389 = 0, -4*c + 4*a - 14814 + 85598 = 0. Is c a composite number?
True
Let o(x) = -2242*x - 73. Suppose 87*g - 60 = 97*g. Is o(g) composite?
True
Is (-69586)/(-55)*(6525/(-6))/(-15) a composite number?
True
Suppose 3*u - 8970 + 498 = 0. Let l = u - -9307. Is l composite?
True
Suppose -c - 25 = -6*c. Suppose 7395 - 2950 = c*h. Let p = 2291 - h. Is p a prime number?
False
Let w be -1 - -1*(-2 - (-1 + -2)). Let z be (0 - w) + (-11 - -11). Suppose -17*x + 13*x + 860 = z. Is x composite?
True
Suppose -6*h + 4*h = -1580. Suppose 2*g + 5*r = -15, 31*r - 35*r = 3*g - 2. Is 1/(h/4966 + g/(-65)) composite?
False
Suppose 0 = 226*a - 230*a - 2*t + 446148, 2*t + 557649 = 5*a. Is a prime?
True
Suppose -165718 + 2975 = -7*x. Is x a prime number?
False
Let d = -667541 + 1095322. Is d prime?
True
Is (-939346)/(-50) + 59/((-5900)/(-8)) a composite number?
False
Let o(t) = 2052*t**2 - t + 10. Is o(-3) prime?
True
Suppose 10 = -26*o + 31*o. Is (o - 1)/(4/5444) a prime number?
True
Suppose 0 = 3*r - 6*r - 1410. Let t = 1357 + r. Suppose -f + d + 0*d + t = 0, -f + 2*d + 885 = 0. Is f prime?
False
Let d(k) = 23*k**3 - 5*k**2 + 18*k - 7. Is d(6) composite?
False
Let g(w) = 12*w**2 + 330*w + 7. Is g(-40) a prime number?
True
Suppose 0 = 8*h - 17*h + 18. Suppose 14117 = h*j - 33*v + 34*v, -4*j + 5*v = -28213. Is j a composite number?
False
Let r(k) = 2*k**3 - 9*k**2 + 4*k - 9. Let c be r(10). Let f = c - -2690. Is f composite?
False
Suppose -9*v + 27*v - 3568986 = 0. Is v prime?
True
Let a(m) = 65*m**2 + 9*m - 39. Let l be (-4)/14 + (-3)/(-21)*37. Is a(l) composite?
True
Suppose -48*l - 2383207 + 15252823 = 0. Is l composite?
True
Let m(g) = 1569*g**2 - 9*g - 119. Is m(-8) a prime number?
False
Let j be ((-15)/(-25))/(-2 + 22/10). Suppose u - 3312 = 5*d, u = -j*u + 3*d + 13333. Is u prime?
False
Let n = -61116 - -563537. Is n a composite number?
False
Suppose 12*k - 174 - 42 = 0. Suppose 5*h - k = -4*h. Suppose -1256 = -8*c + 3*c - x, h*c - 4*x - 498 = 0. Is c a prime number?
True
Let g(z) = 22*z + 2. Let b be g(1). Let s be -6*4*(0 + (-4)/b). Let m(y) = 12*y**3 + y - 3. Is m(s) a prime number?
True
Let r = 347 + -341. Suppose -r*v + 49649 = -1357. Is v prime?
True
Let p(r) = -756681*r - 878. Is p(-3) a prime number?
False
Let k(z) = z**3 + 22*z**2 + 2*z - 22. Let v be k(-25). Let u = 1510 - v. Is u composite?
False
Let i(u) = u**3 + 5*u**2. Let b be i(-5). Suppose b = 19*y + 42561 - 167258. Is y a prime number?
True
Let p(y) = 2*y + 7. Let v be p(-2). Suppose -32*x - 6 = -29*x, -5*x + 923 = v*t. Is t composite?
False
Suppose -g + 2*g - 6784 = -5*a, -3*g - a + 20380 = 0. Let l = g + -3631. Is l composite?
False
Let b(d) = d**3 - 10*d**2 - 6*d - 9. Let f be b(9). Let s = f - -275. Is s composite?
False
Is ((-1228810)/(-30))/((-70)/(-42)*2/10) composite?
True
Let f(j) = 10064*j - 1285. Is f(13) a composite number?
True
Let x(g) = 544*g**2 - g + 8. Let f(c) = c**3 - 11*c**2 + 5. Let i be f(11). Let n be x(i). Let o = -9636 + n. Is o prime?
True
Is (9/(-27))/((-14)/2528778) composite?
False
Suppose 980114 = 2684*w - 2682*w. Is w a prime number?
True
Let y(v) be the second derivative of v**4/12 + v**3 + 9*v**2/2 - 34*v. Let s be y(-5). Suppose -5*n = -5*w + 7565, -2*w + s*n + 4923 = 1893. Is w composite?
False
Let j be 204/(-272) + 386/(-8). Is 3119 + j/(-7) - -1 a composite number?
True
Let n(u) be the first derivative of 3*u**2/2 + 22608*u - 22. Let w be n(0). Is w/28 + (-6)/14 a composite number?
True
Let d = -34224 + 13033. Let n = d - -30114. Is n prime?
True
Sup